{"id":327,"date":"2023-06-17T18:52:22","date_gmt":"2023-06-17T18:52:22","guid":{"rendered":"http:\/\/www.jacekpajak.com\/?page_id=327"},"modified":"2025-02-05T10:48:46","modified_gmt":"2025-02-05T10:48:46","slug":"wesele-filmowa-mandala","status":"publish","type":"page","link":"https:\/\/www.jacekpajak.com\/?page_id=327","title":{"rendered":"Wesele. Filmowa mandala"},"content":{"rendered":"<p><img loading=\"lazy\" decoding=\"async\" class=\"alignleft wp-image-101 \" src=\"https:\/\/www.jacekpajak.com\/wp-content\/uploads\/2023\/06\/wesele-filmowa-okladka-poprawiona.png\" alt=\"\" width=\"446\" height=\"593\"><\/p>\n<p>&nbsp;<\/p>\n<p>Tytu\u0142 rozdzia\u0142u: <strong>\u201eDialektyka d\u017awi\u0119k\u00f3w. Warstwa audytywna w filmie <i>Wesele<\/i> Andrzeja Wajdy&#8221;<\/strong><\/p>\n<p>&nbsp;<\/p>\n<p><span style=\"text-decoration: underline;\">O ksi\u0105\u017cce:<\/span><\/p>\n<p>Monografia filmu Wesele Andrzeja Wajdy przygotowana w ramach prac Zespo\u0142u Bada\u0144 nad Filmem pod redakcj\u0105 naukow\u0105 Seweryna Ku\u015bmierczyka (904 strony). Ksi\u0105\u017cka przynosi nowe, ca\u0142o\u015bciowe uj\u0119cie analityczno-interpretacyjne filmu Wesele. Przedstawione zosta\u0142y wieloletnie zmagania re\u017cysera z problemem adaptacji filmowej dramatu Stanis\u0142awa Wyspia\u0144skiego wraz z analiz\u0105 powsta\u0142ych materia\u0142\u00f3w literackich. Kolejne rozdzia\u0142y s\u0105 po\u015bwi\u0119cone szczeg\u00f3\u0142owym analizom scenografii, sztuki operatorskiej, kolorystyki filmu, monta\u017cu, warstwy d\u017awi\u0119kowej i roli muzyki, grze aktor\u00f3w i pracy re\u017cysera na planie filmu. Zosta\u0142y tak\u017ce om\u00f3wione obecne w filmie Wesele konteksty kulturowe i antropologiczne. Rozdzia\u0142y dope\u0142niaj\u0105 si\u0119 wzajemnie dzi\u0119ki zastosowaniu metody analizy antropologiczno-morfologicznej. Ukazuj\u0105 film jako w pe\u0142ni odkrywcze i niepowtarzalne wykonanie dramatu Wyspia\u0144skiego. Odr\u0119bny rozdzia\u0142 przedstawia \u2013 na podstawie dziennik\u00f3w Wajdy z lat 1962-1972 \u2013 przebieg zwi\u0105zanego z Weselem procesu tw\u00f3rczego z punktu widzenia re\u017cysera. Osobne rozdzia\u0142y omawiaj\u0105 recepcj\u0119 filmu w Polsce i za granic\u0105. W tomie zosta\u0142 tak\u017ce opublikowany opracowany krytycznie scenopis filmu.<\/p>\n<p>&nbsp;<\/p>\n<h4 class=\"name\"><a href=\"https:\/\/czulysklep.pl\/pl\/p\/Wesele.-Filmowa-mandala\/228\" target=\"_blank\" rel=\"noopener noreferrer\">Wesele. Filmowa mandala<\/a><\/h4>\n","protected":false},"excerpt":{"rendered":"<p>&nbsp; Tytu\u0142 rozdzia\u0142u: \u201eDialektyka d\u017awi\u0119k\u00f3w. Warstwa audytywna w filmie Wesele Andrzeja Wajdy&#8221; &nbsp; O ksi\u0105\u017cce: Monografia filmu Wesele Andrzeja Wajdy przygotowana w ramach prac Zespo\u0142u Bada\u0144 nad Filmem pod redakcj\u0105 naukow\u0105 Seweryna Ku\u015bmierczyka (904 strony). Ksi\u0105\u017cka przynosi nowe, ca\u0142o\u015bciowe uj\u0119cie &hellip; <a href=\"https:\/\/www.jacekpajak.com\/?page_id=327\">Czytaj dalej <span class=\"meta-nav\">&rarr;<\/span><\/a><\/p>\n","protected":false},"author":1,"featured_media":0,"parent":72,"menu_order":0,"comment_status":"closed","ping_status":"closed","template":"","meta":{"footnotes":""},"class_list":["post-327","page","type-page","status-publish","hentry"],"_links":{"self":[{"href":"https:\/\/www.jacekpajak.com\/index.php?rest_route=\/wp\/v2\/pages\/327","targetHints":{"allow":["GET"]}}],"collection":[{"href":"https:\/\/www.jacekpajak.com\/index.php?rest_route=\/wp\/v2\/pages"}],"about":[{"href":"https:\/\/www.jacekpajak.com\/index.php?rest_route=\/wp\/v2\/types\/page"}],"author":[{"embeddable":true,"href":"https:\/\/www.jacekpajak.com\/index.php?rest_route=\/wp\/v2\/users\/1"}],"replies":[{"embeddable":true,"href":"https:\/\/www.jacekpajak.com\/index.php?rest_route=%2Fwp%2Fv2%2Fcomments&post=327"}],"version-history":[{"count":3,"href":"https:\/\/www.jacekpajak.com\/index.php?rest_route=\/wp\/v2\/pages\/327\/revisions"}],"predecessor-version":[{"id":334,"href":"https:\/\/www.jacekpajak.com\/index.php?rest_route=\/wp\/v2\/pages\/327\/revisions\/334"}],"up":[{"embeddable":true,"href":"https:\/\/www.jacekpajak.com\/index.php?rest_route=\/wp\/v2\/pages\/72"}],"wp:attachment":[{"href":"https:\/\/www.jacekpajak.com\/index.php?rest_route=%2Fwp%2Fv2%2Fmedia&parent=327"}],"curies":[{"name":"wp","href":"https:\/\/api.w.org\/{rel}","templated":true}]}}